e factors of 72589299?
3, 24196433
What are the prime factors of 38316533?
1229, 31177
List the prime factors of 198190237.
7, 28312891
List the prime factors of 1183679816.
2, 11, 73, 184259
What are the prime factors of 3436583485?
5, 19, 571, 63353
What are the prime factors of 177621207?
3, 59207069
What are the prime factors of 5356013696?
2, 11, 345817
List the prime factors of 52748262.
2, 3, 7, 418637
What are the prime factors of 61228981?
11, 5566271
What are the prime factors of 615095351?
13, 877, 53951
What are the prime factors of 55762509?
3, 11, 1689773
List the prime factors of 2287022.
2, 787, 1453
List the prime factors of 227584138.
2, 7817, 14557
List the prime factors of 73684144.
2, 283, 16273
What are the prime factors of 3768149391?
3, 27673, 45389
List the prime factors of 3477701336.
2, 37, 241, 48751
List the prime factors of 802963922.
2, 31, 59, 227, 967
What are the prime factors of 73145798?
2, 11, 17, 257, 761
List the prime factors of 398935342.
2, 13, 31, 47, 10531
What are the prime factors of 26787338?
2, 907, 14767
What are the prime factors of 4239897086?
2, 73, 3851, 7541
What are the prime factors of 82404114?
2, 3, 13, 1056463
What are the prime factors of 893138858?
2, 941, 474569
What are the prime factors of 716455169?
47, 15243727
List the prime factors of 45041387.
89, 506083
What are the prime factors of 4660646112?
2, 3, 16182799
What are the prime factors of 1164625071?
3, 229, 1695233
What are the prime factors of 52132492?
2, 449, 29027
List the prime factors of 1218525546.
2, 3, 7, 79, 443, 829
What are the prime factors of 5946804957?
3, 101, 19626419
List the prime factors of 605496255.
3, 5, 7, 13, 443587
What are the prime factors of 3932166?
2, 3, 7, 251, 373
List the prime factors of 63233238.
2, 3, 10538873
List the prime factors of 826443225.
3, 5, 241, 15241
What are the prime factors of 194427795?
3, 5, 1499, 8647
List the prime factors of 66834015.
3, 5, 1259, 3539
List the prime factors of 23178148.
2, 7, 827791
List the prime factors of 23899641.
3, 47, 169501
List the prime factors of 849091901.
7, 127, 223, 4283
What are the prime factors of 2326584535?
5, 11, 42301537
What are the prime factors of 455028291?
3, 41, 47, 26237
List the prime factors of 115970993.
257, 451249
What are the prime factors of 1457703674?
2, 7, 19, 5480089
What are the prime factors of 6985920523?
6985920523
List the prime factors of 83813902.
2, 19, 2205629
List the prime factors of 264800633.
23, 509, 22619
List the prime factors of 1308532661.
31, 42210731
List the prime factors of 127938877.
11, 683, 17029
What are the prime factors of 52386143?
71, 191, 3863
What are the prime factors of 13746205?
5, 11, 22721
List the prime factors of 3339437737.
6619, 504523
What are the prime factors of 83195291?
5569, 14939
What are the prime factors of 670193407?
13, 89, 579251
List the prime factors of 167294964.
2, 3, 13941247
What are the prime factors of 671566158?
2, 3, 151, 211, 1171
List the prime factors of 112967109.
3, 4183967
What are the prime factors of 3865679505?
3, 5, 2789, 10267
What are the prime factors of 35002174?
2, 3319, 5273
List the prime factors of 23316442.
2, 11658221
What are the prime factors of 103532823?
3, 426061
What are the prime factors of 25155910?
2, 5, 13, 193507
What are the prime factors of 347245044?
2, 3, 503, 57529
What are the prime factors of 830931070?
2, 5, 83093107
What are the prime factors of 41044158?
2, 3, 28151
What are the prime factors of 8911319417?
7, 11, 13, 8902417
What are the prime factors of 138950429?
23, 37, 67, 2437
List the prime factors of 1668182769.
3, 11, 1872259
List the prime factors of 128569166.
2, 11, 5844053
List the prime factors of 21808191.
3, 373, 19489
What are the prime factors of 46499358?
2, 3, 739, 10487
List the prime factors of 4584237528.
2, 3, 13, 1213, 12113
What are the prime factors of 949554697?
7, 13, 19, 549193
What are the prime factors of 73793451?
3, 24597817
List the prime factors of 1125369160.
2, 5, 3863, 7283
What are the prime factors of 187602864?
2, 3, 3908393
What are the prime factors of 2611731062?
2, 37, 47, 750929
What are the prime factors of 1169814462?
2, 3, 79, 2467963
List the prime factors of 3680270266.
2, 4513, 407741
List the prime factors of 1600359920.
2, 5, 487, 41077
List the prime factors of 142361591.
677, 210283
List the prime factors of 2473715846.
2, 7, 176693989
List the prime factors of 729780831.
3, 13, 6237443
List the prime factors of 170502427.
23, 1667, 4447
List the prime factors of 531702000.
2, 3, 5, 109, 271
What are the prime factors of 38763437?
577, 67181
What are the prime factors of 4506069815?
5, 13, 5332627
List the prime factors of 57849363.
3, 11, 13, 14983
What are the prime factors of 50438102?
2, 11, 13, 176357
What are the prime factors of 80303179?
11, 107, 68227
List the prime factors of 1919013178.
2, 2137, 448997
What are the prime factors of 77894644?
2, 257, 75773
List the prime factors of 26398750.
2, 5, 7, 431
List the prime factors of 627485302.
2, 659, 476089
What are the prime factors of 741469595?
5, 2789, 53171
List the prime factors of 44320307.
44320307
List the prime factors of 179331193.
37, 4846789
What are the prime factors of 1879245358?
2, 31, 30310409
List the prime factors of 84570810.
2, 3, 5, 571, 4937
What are the prime factors of 19779296?
2, 17, 103, 353
What are the prime factors of 7197958302?
2, 3, 53, 22635089
List the prime factors of 46713345.
3, 5, 7, 23, 29
What are the prime factors of 742007748?
2, 3, 157, 393847
What are the prime factors of 1629547313?
1629547313
What are the prime factors of 247930724?
2, 61982681
What are the prime factors of 21672794?
2, 11, 13, 83
List the prime factors of 204991309.
204991309
What are the prime factors of 17722295?
5, 3544459
List the prime factors of 99747811.
99747811
What are the prime factors of 62480921?
3203, 19507
What are the prime factors of 1133055021?
3, 7, 53955001
List the prime factors of 2879085475.
5, 7, 31, 67, 89
What are the prime factors of 1324929164?
2, 13, 653, 39019
List the prime factors of 1457416632.
2, 3, 7, 8675099
What are the prime factors of 3814782777?
3, 13, 47, 231241
What are the prime factors of 73083671?
19, 3846509
List the prime factors of 179681443.
179681443
What are the prime factors of 438037890?
2, 3, 5, 397, 36779
What are the prime factors of 113277086?
2, 13, 17, 227, 1129
List the prime factors of 73895756.
2, 11, 1049, 1601
What are the prime factors of 119993677?
29, 73, 56681
List the prime factors of 116265302.
2, 4457, 13043
List the prime factors of 580685827.
311, 1867157
What are the prime factors of 971535808?
2, 43, 491, 719
List the prime factors of 516923062.
2, 239, 1081429
List the prime factors of 399702482.
2, 1249, 160009
What are the prime factors of 40264776?
2, 3, 62137
List the prime factors of 1596249442.
2, 17, 53, 885821
What are the prime factors of 20970138?
2, 3, 7, 71327
What are the prime factors of 64423500?
2, 3, 5, 29, 1481
What are the prime factors of 10953778?
2, 11, 497899
List the prime factors of 22244277.
3, 11, 233, 263
List the prime factors of 2241579607.
2241579607
What are the prime factors of 17495509?
67, 261127
What are the prime factors of 1133920775?
5, 13, 3488987
List the prime factors of 49562137.
4093, 12109
List the prime factors of 2810428972.
2, 13, 23, 167, 14071
What are the prime factors of 105038489?
105038489
What are the prime factors of 164375620?
2, 5, 8218781
What are the prime factors of 46932620?
2, 5, 7, 281, 1193
What are the prime factors of 6863137232?
2, 7, 139, 440849
List the prime factors of 3702850882.
2, 773, 2395117
What are the prime factors of 1515193363?
29, 199, 262553
List the prime factors of 176346345.
3, 5, 7, 67, 3581
What are the prime factors of 70899686?
2, 11, 13, 247901
What are the prime factors of 922748606?
2, 13, 35490331
List the prime factors of 276602201.
409, 676289
List the prime factors of 322398464.
2, 37, 101, 337
List the prime factors of 807861527.
11, 773, 95009
What are the prime factors of 27757589?
47, 563, 1049
What are the prime factors of 656488479?
3, 218829493
What are the prime factors of 4642054906?
2, 523, 4437